{"id":14,"date":"2023-04-18T17:14:37","date_gmt":"2023-04-18T17:14:37","guid":{"rendered":"https:\/\/forschungsgruppe-pronomen.de\/?page_id=14"},"modified":"2024-03-05T20:31:10","modified_gmt":"2024-03-05T20:31:10","slug":"kontakt","status":"publish","type":"page","link":"https:\/\/tp4.forschungsgruppe-pronomen.de\/en\/kontakt\/","title":{"rendered":"Contact"},"content":{"rendered":"<div class=\"wp-block-columns is-layout-flex wp-container-core-columns-is-layout-28f84493 wp-block-columns-is-layout-flex\"><\/div>\n\n\n\n<div class=\"wp-block-columns is-layout-flex wp-container-core-columns-is-layout-28f84493 wp-block-columns-is-layout-flex\">\n<div class=\"wp-block-column is-layout-flow wp-block-column-is-layout-flow\">\n<p><a href=\"https:\/\/www.slm.uni-hamburg.de\/germanistik\/personen\/imo.html\">Prof. Dr. Wolfgang Imo<\/a><\/p>\n\n\n\n<p>Universit\u00e4t Hamburg<br>Sprache Literatur Medien I (SLM I)<br>Institut f\u00fcr Germanistik<br>Philosophenturm | Von-Melle-Park 6<br>20146 Hamburg<br><a href=\"wolfgang.imo@uni-hamburg.de\" data-type=\"mailto\" data-id=\"mailto:wolfgang.imo@uni-hamburg.de\">E-Mail<\/a><\/p>\n\n\n\n<p><\/p>\n\n\n\n<p><\/p>\n<\/div>\n\n\n\n<div class=\"wp-block-column is-vertically-aligned-stretch is-layout-flow wp-block-column-is-layout-flow\">\n<p><a href=\"https:\/\/www.slm.uni-hamburg.de\/germanistik\/personen\/schick.html\" data-type=\"link\" data-id=\"https:\/\/www.slm.uni-hamburg.de\/germanistik\/personen\/schick.html\">Valeria Schick <\/a><\/p>\n\n\n\n<p>Universit\u00e4t Hamburg<br>Sprache Literatur Medien I (SLM I)<br>Institut f\u00fcr Germanistik<br>Philosophenturm | Von-Melle-Park 6<br>20146 Hamburg<br><a href=\"valeria.schick@uni-hamburg.de\" data-type=\"link\" data-id=\"valeria.schick@uni-hamburg.de\">E-Mail<\/a><\/p>\n<\/div>\n<\/div>","protected":false},"excerpt":{"rendered":"<p>Prof. Dr. Wolfgang Imo Universit\u00e4t HamburgSprache Literatur Medien I (SLM I)Institut f\u00fcr GermanistikPhilosophenturm | Von-Melle-Park 620146 HamburgE-Mail Valeria Schick Universit\u00e4t HamburgSprache Literatur Medien I (SLM I)Institut f\u00fcr GermanistikPhilosophenturm | Von-Melle-Park 620146 HamburgE-Mail<\/p>","protected":false},"author":1,"featured_media":0,"parent":0,"menu_order":0,"comment_status":"closed","ping_status":"closed","template":"","meta":{"site-container-style":"default","site-container-layout":"default","site-sidebar-layout":"default","disable-article-header":"default","disable-site-header":"default","disable-site-footer":"default","disable-content-area-spacing":"default","footnotes":""},"class_list":["post-14","page","type-page","status-publish","hentry"],"publishpress_future_action":{"enabled":false,"date":"2026-05-10 14:37:55","action":"change-status","newStatus":"draft","terms":[],"taxonomy":"","extraData":[]},"publishpress_future_workflow_manual_trigger":{"enabledWorkflows":[]},"_links":{"self":[{"href":"https:\/\/tp4.forschungsgruppe-pronomen.de\/en\/wp-json\/wp\/v2\/pages\/14","targetHints":{"allow":["GET"]}}],"collection":[{"href":"https:\/\/tp4.forschungsgruppe-pronomen.de\/en\/wp-json\/wp\/v2\/pages"}],"about":[{"href":"https:\/\/tp4.forschungsgruppe-pronomen.de\/en\/wp-json\/wp\/v2\/types\/page"}],"author":[{"embeddable":true,"href":"https:\/\/tp4.forschungsgruppe-pronomen.de\/en\/wp-json\/wp\/v2\/users\/1"}],"replies":[{"embeddable":true,"href":"https:\/\/tp4.forschungsgruppe-pronomen.de\/en\/wp-json\/wp\/v2\/comments?post=14"}],"version-history":[{"count":27,"href":"https:\/\/tp4.forschungsgruppe-pronomen.de\/en\/wp-json\/wp\/v2\/pages\/14\/revisions"}],"predecessor-version":[{"id":473,"href":"https:\/\/tp4.forschungsgruppe-pronomen.de\/en\/wp-json\/wp\/v2\/pages\/14\/revisions\/473"}],"wp:attachment":[{"href":"https:\/\/tp4.forschungsgruppe-pronomen.de\/en\/wp-json\/wp\/v2\/media?parent=14"}],"curies":[{"name":"wp","href":"https:\/\/api.w.org\/{rel}","templated":true}]}}

<div class="wp-block-columns is-layout-flex wp-container-core-columns-is-layout-28f84493 wp-block-columns-is-layout-flex"></div>



<div class="wp-block-columns is-layout-flex wp-container-core-columns-is-layout-28f84493 wp-block-columns-is-layout-flex">
<div class="wp-block-column is-layout-flow wp-block-column-is-layout-flow">
<p><a href="https://www.slm.uni-hamburg.de/germanistik/personen/imo.html">Prof. Dr. Wolfgang Imo</a></p>



<p>Universität Hamburg<br>Sprache Literatur Medien I (SLM I)<br>Institut für Germanistik<br>Philosophenturm | Von-Melle-Park 6<br>20146 Hamburg<br><a href="wolfgang.imo@uni-hamburg.de" data-type="mailto" data-id="mailto:wolfgang.imo@uni-hamburg.de">E-Mail</a></p>



<p></p>



<p></p>
</div>



<div class="wp-block-column is-vertically-aligned-stretch is-layout-flow wp-block-column-is-layout-flow">
<p><a href="https://www.slm.uni-hamburg.de/germanistik/personen/schick.html" data-type="link" data-id="https://www.slm.uni-hamburg.de/germanistik/personen/schick.html">Valeria Schick </a></p>



<p>Universität Hamburg<br>Sprache Literatur Medien I (SLM I)<br>Institut für Germanistik<br>Philosophenturm | Von-Melle-Park 6<br>20146 Hamburg<br><a href="valeria.schick@uni-hamburg.de" data-type="link" data-id="valeria.schick@uni-hamburg.de">E-Mail</a></p>
</div>
</div>

<p>Prof. Dr. Wolfgang Imo Universität HamburgSprache Literatur Medien I (SLM I)Institut für GermanistikPhilosophenturm | Von-Melle-Park 620146 HamburgE-Mail Valeria Schick Universität HamburgSprache Literatur Medien I (SLM I)Institut für GermanistikPhilosophenturm | Von-Melle-Park 620146 HamburgE-Mail</p>
